 base 4?
11021003022
a57847 (base 11) to base 10
1694051
12742770 (base 8) to base 3
12101202011012
What is -61c566 (base 13) in base 8?
-10554134
What is -414022405 (base 6) in base 5?
-3320010242
18311 (base 12) to base 13
12c19
1001323001 (base 4) to base 11
174960
What is 91a250 (base 12) in base 3?
11021201121220
What is -4499617 (base 11) in base 7?
-123636003
Convert 102101102100012 (base 3) to base 6.
333405352
-115c24 (base 13) to base 11
-262241
Convert 110001110101011101100 (base 2) to base 11.
a1599a
Convert 14433004 (base 6) to base 13.
147781
What is a1b37 (base 13) in base 11?
188735
Convert -27483 (base 11) to base 8.
-114406
-423222431 (base 5) to base 4
-12300332303
Convert 28bc6 (base 14) to base 6.
2100042
What is 1020222021 (base 4) in base 7?
2346444
Convert 120022200101 (base 3) to base 15.
5e54d
Convert -ee5d61 (base 15) to base 6.
-1043252031
Convert 101000010011001100 (base 2) to base 9.
271378
What is -1121212211111 (base 3) in base 4?
-3102313333
Convert 2f74e (base 16) to base 7.
1436466
What is -1003030 (base 6) in base 9?
-71820
What is 516148 (base 15) in base 7?
44610044
What is 219d55 (base 16) in base 2?
1000011001110101010101
Convert -47d10 (base 15) to base 13.
-80355
Convert -524442204 (base 6) to base 11.
-5201112
Convert -122101212001 (base 3) to base 4.
-1103213323
What is -11001010011101110110 (base 2) in base 8?
-3123566
What is 1154178 (base 10) in base 8?
4316202
What is -203801b (base 13) in base 2?
-100101001110000011100101
Convert -101101010000100001000 (base 2) to base 4.
-11222010020
3140310 (base 5) to base 12
26518
What is -b76bd (base 14) in base 7?
-3523626
What is 45757654 (base 8) in base 15?
d19166
Convert -11110000330 (base 4) to base 8.
-5240074
What is 40c58 (base 14) in base 5?
14443334
Convert 312230210 (base 4) to base 14.
5b908
Convert -152511034 (base 6) to base 14.
-5d8cd8
What is -287960 (base 11) in base 9?
-754778
Convert -10101100001110000 (base 2) to base 10.
-88176
Convert 441000120 (base 5) to base 9.
3501443
10200021113 (base 4) to base 15
184a82
-89046 (base 11) to base 9
-216147
What is -18aeb (base 16) in base 4?
-120223223
What is -42440131 (base 5) in base 13?
-c7404
Convert 22110220112201 (base 3) to base 4.
101030000101
What is 129396 (base 11) in base 13?
713b6
What is -123223230 (base 4) in base 8?
-335354
What is 62927 (base 12) in base 11?
89084
-46117 (base 8) to base 10
-19535
-96555 (base 15) to base 11
-2a648a
Convert -298807 (base 10) to base 9.
-504787
-101100111011111011100 (base 2) to base 12
-5b0164
Convert 161041154 (base 7) to base 15.
e3eee8
430733 (base 8) to base 7
1136226
-235286 (base 12) to base 10
-568902
What is 3101222303 (base 4) in base 12?
354bab
Convert 18a1a (base 15) to base 4.
103200130
What is -20310322323 (base 4) in base 8?
-10647273
178ab (base 15) to base 6
1344455
Convert -532013 (base 7) to base 14.
-2570a
What is 22211011 (base 3) in base 9?
8734
Convert -12805a (base 11) to base 7.
-1465066
What is 11101010110110101 (base 2) in base 10?
120245
-70b251 (base 12) to base 13
-498826
Convert -3d428c (base 14) to base 16.
-206a54
Convert 555b1 (base 15) to base 2.
1000010001110111011
231112102 (base 4) to base 8
552622
What is -110032223322 (base 4) in base 15?
-6eb409
What is 45b80b (base 13) in base 12?
678a83
3510303 (base 7) to base 3
211022221000
Convert -52c75d (base 14) to base 13.
-770805
1062812 (base 9) to base 3
1002002220102
What is 32646131 (base 7) in base 11?
1655645
Convert 11100010000111000 (base 2) to base 3.
12212210201
Convert 3005266 (base 8) to base 11.
499a11
What is -11011011110010011100100 (base 2) in base 9?
-14486274
Convert 57653 (base 16) to base 11.
224a49
What is 1231245320 (base 6) in base 3?
222222211002110
Convert -1101000100011111110 (base 2) to base 15.
-86d76
What is -74302 (base 8) in base 6?
-355042
Convert 324563 (base 7) to base 12.
28b05
Convert f507d (base 16) to base 9.
1788661
What is -20212111101002 (base 3) in base 16?
-37b620
Convert 522433 (base 8) to base 14.
47255
-99018 (base 15) to base 16
-76a87
What is 1330d (base 16) in base 7?
445112
31120212 (base 4) to base 8
153046
What is 231303220 (base 4) in base 16?
2dce8
-3143202214 (base 5) to base 6
-353445154
What is -3204334 (base 7) in base 9?
-651337
Convert -12310135 (base 6) to base 7.
-3245102
Convert 70ffeb (base 16) to base 6.
422420535
Convert 242cd (base 14) to base 12.
43191
Convert -1222550 (base 8) to base 13.
-ba67a
What is 1000518 (base 9) in base 15?
a78c8
What is -2202134 (base 5) in base 15?
-b2e9
-110625 (base 8) to base 6
-444313
Convert -144a33 (base 14) to base 12.
-29b819
8090959 (base 11) to base 12
495a716
151554 (base 7) to base 11
20133
-5251231 (base 8) to base 2
-101010101001010011001
-403402221 (base 5) to base 12
-662922
Convert -220201011221 (base 3) to base 4.
-1312233220
Convert -112130102023 (base 4) to base 16.
-59c48b
What is -2352882 (base 9) in base 6?
-43154502
What is -8d583 (base 14) in base 11?
-215584
-203123321 (base 5) to base 9
-1508542
Convert 88168 (base 12) to base 5.
21224221
101022111221 (base 3) to base 14
53dca
-2414254 (base 6) to base 12
-6138a
Convert 3688994 (base 10) to base 6.
211022402
-3eb802 (base 16) to base 11
-2358181
Convert 44431301 (base 7) to base 15.
50ca45
Convert -23331010 (base 6) to base 9.
-1327566
What is -124612 (base 11) in base 10?
-196396
Convert -10312010012 (base 4) to base 6.
-43115422
373507 (base 8) to base 7
1044424
Convert 17107 (base 12) to base 8.
100327
What is -47161a (base 14) in base 5?
-1110033102
What is 174c8c (base 15) in base 10?
1130082
-30fe4f (base 16) to base 10
-3210831
8d2c7 (base 14) to base 7
2630440
What is 43505 (base 8) in base 5?
1040440
474a5a (base 16) to base 14
89892a
What is -658bc (base 16) in base 8?
-1454274
Convert -39298 (base 13) to base 9.
-171257
What is -309968 (base 10) in base 11?
-1a197a
What is -113013332103 (base 4) in base 10?
-6061971
What is -5310071 (base 8) in base 14?
-28b013
What is -140968 (base 11) in base 9?
-365758
What is -161726 (base 15) in base 3?
-2000021011200
-12122211110212 (base 3) to base 12
-1010a35
What is 101203044 (base 6) in base 2?
110101001011010100100
What is 6076 (base 12) in base 10?
10458
8cba6 (base 16) to base 8
2145646
Convert 454a47 (base 12) to base 14.
20b811
-21404442 (base 5) to base 7
-1400231
Convert -18141062 (base 9) to base 15.
-c025d5
5283b (base 12) to base 11
74437
-10122110021 (base 4) to base 11
-71a878
-22331400 (base 5) to base 13
-6c74a
1001222022022 (base 3) to base 10
570302
440106 (base 10) to base 7
3512052
-3241021411 (base 5) to base 4
-122211231313
Convert b94eaa (base 15) to base 6.
513055024
What is -213162 (base 7) in base 5?
-2142022
Convert 32210302003 (base 4) to base 11.
217a591
What is 127a36 (base 11) in base 9?
335521
What is -101212021212 (base 3) in base 8?
-641461
What is 5033313 (base 6) in base 8?
720555
What is -6736713 (base 8) in base 11?
-1031a31
20232211212 (base 4) to base 10
2287974
-6690 (base 10) to base 6
-50550
316c5 (base 15) to base 13
56495
1100567 (base 11) to base 10
1933290
Convert -77271 (base 15) to base 9.
-636247
What is 2531530 (base 6) in base 10?
136494
Convert 1967670 (base 10) to base 7.
22503435
33ba5 (base 12) to base 3
10111210022
What is -132044022 (base 6) in base 3?
-11221001022112
What is 24e453 (base 15) in base 6?
101532010
What is 4110 (base 15) in base 4?
3112230
-1368850 (base 9) to base 11
-475940
-1221010011 (base 3) to base 13
-143a7
10214144301 (base 5) to base 4
220302301011
What is 57ad4 (base 14) in base 4?
310012322
What is -2a10b (base 16) in base 5?
-21003144
What is -40607 (base 12) in base 2?
-10100011101100111
What is -2121222022 (base 3) in base 11?
-35967
What is -1010011100000111111 (base 2) in base 8?
-1234077
What is -307ca (base 16) in base 12?
-96b22
-1213654 (base 7) to base 3
-21212122201
Convert -100101111011000111111 (base 2) to base 15.
-19830c
Convert -12a83 (base 14) to base 11.
-315aa
What is 636bdd (base 16) in base 9?
13230741
Convert -83057 (base 9) to base 12.
-27807
Convert 11034111 (base 5) to base 8.
273634
945270 (base 16) to base 15
cc01dc
-241656 (base 9) to base 11
-9a441
What is -92b242 (base 13) in base 16?
-343c56
54c63 (base 16) to base 15
6cd4